{"id":201,"date":"2022-04-21T00:01:20","date_gmt":"2022-04-21T00:01:20","guid":{"rendered":"https:\/\/dkinyus.com.ar\/?page_id=201"},"modified":"2024-10-09T10:59:11","modified_gmt":"2024-10-09T10:59:11","slug":"medios-de-pago","status":"publish","type":"page","link":"https:\/\/dkinyus.com.ar\/?page_id=201","title":{"rendered":"Medios de pago"},"content":{"rendered":"<div class=\"row\"  id=\"row-249811666\">\n\n\t<div id=\"col-1754714068\" class=\"col small-12 large-12\"  >\n\t\t\t\t<div class=\"col-inner\"  >\n\t\t\t\n\t\t\t\n<div class=\"row\"  id=\"row-1931701874\">\n\n\t<div id=\"col-1555647156\" class=\"col small-12 large-12\"  >\n\t\t\t\t<div class=\"col-inner\"  >\n\t\t\t\n\t\t\t\n<h1><strong>MEDIOS DE PAGO<br \/><\/strong><\/h1>\n<div class=\"ui-vip-payment_methods\">\n<p>\u00a1Abon\u00e1 a trav\u00e9s de Mercado Pago con cualquier m\u00e9todo de pago vinculado a tu cuenta!<\/p>\n<p class=\"ui-pdp-family--REGULAR ui-vip-payment_methods__title\"><strong>Tarjetas de cr\u00e9dito<\/strong> &#8211; \u00a1Hasta 3 cuotas sin inter\u00e9s!<br \/><img loading=\"lazy\" decoding=\"async\" class=\"ui-pdp-image ui-pdp-payment-icon\" src=\"https:\/\/http2.mlstatic.com\/secure\/payment-logos\/v2\/payment-logo-mla-visa-medium_v_58f0794c54.png\" alt=\"Visa\" width=\"45\" height=\"14\" \/>\u00a0\u00a0<img loading=\"lazy\" decoding=\"async\" class=\"ui-pdp-image ui-pdp-payment-icon\" src=\"https:\/\/http2.mlstatic.com\/secure\/payment-logos\/v2\/payment-logo-mla-amex-medium_v_58f0794c54.png\" alt=\"American Express\" width=\"24\" height=\"24\" \/>\u00a0\u00a0<img loading=\"lazy\" decoding=\"async\" class=\"ui-pdp-image ui-pdp-payment-icon\" src=\"https:\/\/http2.mlstatic.com\/secure\/payment-logos\/v2\/payment-logo-mla-master-medium_v_58f0794c54.png\" alt=\"Mastercard\" width=\"33\" height=\"25\" \/>\u00a0\u00a0<img loading=\"lazy\" decoding=\"async\" class=\"ui-pdp-image ui-pdp-payment-icon\" src=\"https:\/\/http2.mlstatic.com\/secure\/payment-logos\/v2\/payment-logo-mla-naranja-medium_v_58f0794c54.png\" alt=\"Naranja\" width=\"20\" height=\"25\" \/><\/p>\n<div class=\"ui-pdp-payment-icon\">\n<div class=\"ui-pdp-payment-icon__container\">\n<div><strong>Tarjetas de d\u00e9bito\u00a0<\/strong><\/div>\n<\/div>\n<\/div>\n<p class=\"ui-pdp-family--REGULAR ui-vip-payment_methods__title\"><img loading=\"lazy\" decoding=\"async\" class=\"ui-pdp-image ui-pdp-payment-icon\" src=\"https:\/\/http2.mlstatic.com\/secure\/payment-logos\/v2\/payment-logo-mla-debvisa-medium_v_58f0794c54.png\" alt=\"Visa D\u00e9bito\" width=\"87\" height=\"18\" \/>\u00a0\u00a0<img loading=\"lazy\" decoding=\"async\" class=\"ui-pdp-image ui-pdp-payment-icon\" src=\"https:\/\/http2.mlstatic.com\/secure\/payment-logos\/v2\/payment-logo-mla-debmaster-medium_v_58f0794c54.png\" alt=\"Mastercard D\u00e9bito\" width=\"53\" height=\"25\" \/>\u00a0\u00a0<img loading=\"lazy\" decoding=\"async\" class=\"ui-pdp-image ui-pdp-payment-icon\" src=\"https:\/\/http2.mlstatic.com\/secure\/payment-logos\/v2\/payment-logo-mla-debcabal-medium_v_58f0794c54.png\" alt=\"Cabal D\u00e9bito\" width=\"50\" height=\"22\" \/>\u00a0\u00a0<img loading=\"lazy\" decoding=\"async\" class=\"ui-pdp-image ui-pdp-payment-icon\" src=\"https:\/\/http2.mlstatic.com\/secure\/payment-logos\/v2\/payment-logo-mla-maestro-medium_v_58f0794c54.png\" alt=\"Maestro\" width=\"30\" height=\"25\" \/><\/p>\n<div class=\"ui-pdp-payment-icon\">\n<div class=\"ui-pdp-payment-icon__container\">\n<div><strong>Efectivo <br \/><span style=\"color: #339966;\">PAGANDO EN EFECTIVO TENES IMPORTATES DESCUENTOS<\/span><\/strong><\/div>\n<\/div>\n<\/div>\n<p class=\"ui-pdp-family--REGULAR ui-vip-payment_methods__title\"><img loading=\"lazy\" decoding=\"async\" class=\"ui-pdp-image ui-pdp-payment-icon\" src=\"https:\/\/http2.mlstatic.com\/secure\/payment-logos\/v2\/payment-logo-mla-rapipago-medium_v_58f0794c54.png\" alt=\"Rapipago\" width=\"76\" height=\"14\" \/>\u00a0\u00a0<img loading=\"lazy\" decoding=\"async\" class=\"ui-pdp-image ui-pdp-payment-icon\" src=\"https:\/\/http2.mlstatic.com\/secure\/payment-logos\/v2\/payment-logo-mla-pagofacil-medium_v_58f0794c54.png\" alt=\"Pago F\u00e1cil\" width=\"22\" height=\"22\" \/><\/p>\n<p><a class=\"ui-pdp-action-modal__link\" href=\"https:\/\/www.mercadopago.com.ar\/ayuda\/medios-de-pago-cuotas-promociones_264\">Conoc\u00e9 otros medios de pago<\/a><\/p>\n<\/div>\n<p>\u00a0<\/p>\n\t\t<\/div>\n\t\t\t\t\t<\/div>\n\n\t\n<\/div>\n<div class=\"text-center\"><div class=\"is-divider divider clearfix\" ><\/div><\/div>\n\t\t<\/div>\n\t\t\t\t\t<\/div>\n\n\t\n<\/div>\n","protected":false},"excerpt":{"rendered":"","protected":false},"author":1,"featured_media":0,"parent":0,"menu_order":0,"comment_status":"closed","ping_status":"closed","template":"","meta":{"_acf_changed":false,"footnotes":""},"class_list":["post-201","page","type-page","status-publish","hentry"],"acf":[],"yoast_head":"<!-- This site is optimized with the Yoast SEO plugin v27.2 - https:\/\/yoast.com\/product\/yoast-seo-wordpress\/ -->\n<title>Medios de pago - DKINYUS<\/title>\n<meta name=\"robots\" content=\"index, follow, max-snippet:-1, max-image-preview:large, max-video-preview:-1\" \/>\n<link rel=\"canonical\" href=\"https:\/\/dkinyus.com.ar\/?page_id=201\" \/>\n<meta property=\"og:locale\" content=\"es_ES\" \/>\n<meta property=\"og:type\" content=\"article\" \/>\n<meta property=\"og:title\" content=\"Medios de pago - DKINYUS\" \/>\n<meta property=\"og:url\" content=\"https:\/\/dkinyus.com.ar\/?page_id=201\" \/>\n<meta property=\"og:site_name\" content=\"DKINYUS\" \/>\n<meta property=\"article:modified_time\" content=\"2024-10-09T10:59:11+00:00\" \/>\n<meta property=\"og:image\" content=\"https:\/\/http2.mlstatic.com\/secure\/payment-logos\/v2\/payment-logo-mla-visa-medium_v_58f0794c54.png\" \/>\n<meta name=\"twitter:card\" content=\"summary_large_image\" \/>\n<meta name=\"twitter:label1\" content=\"Tiempo de lectura\" \/>\n\t<meta name=\"twitter:data1\" content=\"1 minuto\" \/>\n<script type=\"application\/ld+json\" class=\"yoast-schema-graph\">{\"@context\":\"https:\/\/schema.org\",\"@graph\":[{\"@type\":\"WebPage\",\"@id\":\"https:\/\/dkinyus.com.ar\/?page_id=201\",\"url\":\"https:\/\/dkinyus.com.ar\/?page_id=201\",\"name\":\"Medios de pago - DKINYUS\",\"isPartOf\":{\"@id\":\"https:\/\/dkinyus.com.ar\/#website\"},\"primaryImageOfPage\":{\"@id\":\"https:\/\/dkinyus.com.ar\/?page_id=201#primaryimage\"},\"image\":{\"@id\":\"https:\/\/dkinyus.com.ar\/?page_id=201#primaryimage\"},\"thumbnailUrl\":\"https:\/\/http2.mlstatic.com\/secure\/payment-logos\/v2\/payment-logo-mla-visa-medium_v_58f0794c54.png\",\"datePublished\":\"2022-04-21T00:01:20+00:00\",\"dateModified\":\"2024-10-09T10:59:11+00:00\",\"breadcrumb\":{\"@id\":\"https:\/\/dkinyus.com.ar\/?page_id=201#breadcrumb\"},\"inLanguage\":\"es\",\"potentialAction\":[{\"@type\":\"ReadAction\",\"target\":[\"https:\/\/dkinyus.com.ar\/?page_id=201\"]}]},{\"@type\":\"ImageObject\",\"inLanguage\":\"es\",\"@id\":\"https:\/\/dkinyus.com.ar\/?page_id=201#primaryimage\",\"url\":\"https:\/\/http2.mlstatic.com\/secure\/payment-logos\/v2\/payment-logo-mla-visa-medium_v_58f0794c54.png\",\"contentUrl\":\"https:\/\/http2.mlstatic.com\/secure\/payment-logos\/v2\/payment-logo-mla-visa-medium_v_58f0794c54.png\"},{\"@type\":\"BreadcrumbList\",\"@id\":\"https:\/\/dkinyus.com.ar\/?page_id=201#breadcrumb\",\"itemListElement\":[{\"@type\":\"ListItem\",\"position\":1,\"name\":\"Portada\",\"item\":\"https:\/\/dkinyus.com.ar\/\"},{\"@type\":\"ListItem\",\"position\":2,\"name\":\"Medios de pago\"}]},{\"@type\":\"WebSite\",\"@id\":\"https:\/\/dkinyus.com.ar\/#website\",\"url\":\"https:\/\/dkinyus.com.ar\/\",\"name\":\"DKINYUS\",\"description\":\"Indumentaria &amp; Calzado Urbano\",\"potentialAction\":[{\"@type\":\"SearchAction\",\"target\":{\"@type\":\"EntryPoint\",\"urlTemplate\":\"https:\/\/dkinyus.com.ar\/?s={search_term_string}\"},\"query-input\":{\"@type\":\"PropertyValueSpecification\",\"valueRequired\":true,\"valueName\":\"search_term_string\"}}],\"inLanguage\":\"es\"}]}<\/script>\n<!-- \/ Yoast SEO plugin. -->","yoast_head_json":{"title":"Medios de pago - DKINYUS","robots":{"index":"index","follow":"follow","max-snippet":"max-snippet:-1","max-image-preview":"max-image-preview:large","max-video-preview":"max-video-preview:-1"},"canonical":"https:\/\/dkinyus.com.ar\/?page_id=201","og_locale":"es_ES","og_type":"article","og_title":"Medios de pago - DKINYUS","og_url":"https:\/\/dkinyus.com.ar\/?page_id=201","og_site_name":"DKINYUS","article_modified_time":"2024-10-09T10:59:11+00:00","og_image":[{"url":"https:\/\/http2.mlstatic.com\/secure\/payment-logos\/v2\/payment-logo-mla-visa-medium_v_58f0794c54.png","type":"","width":"","height":""}],"twitter_card":"summary_large_image","twitter_misc":{"Tiempo de lectura":"1 minuto"},"schema":{"@context":"https:\/\/schema.org","@graph":[{"@type":"WebPage","@id":"https:\/\/dkinyus.com.ar\/?page_id=201","url":"https:\/\/dkinyus.com.ar\/?page_id=201","name":"Medios de pago - DKINYUS","isPartOf":{"@id":"https:\/\/dkinyus.com.ar\/#website"},"primaryImageOfPage":{"@id":"https:\/\/dkinyus.com.ar\/?page_id=201#primaryimage"},"image":{"@id":"https:\/\/dkinyus.com.ar\/?page_id=201#primaryimage"},"thumbnailUrl":"https:\/\/http2.mlstatic.com\/secure\/payment-logos\/v2\/payment-logo-mla-visa-medium_v_58f0794c54.png","datePublished":"2022-04-21T00:01:20+00:00","dateModified":"2024-10-09T10:59:11+00:00","breadcrumb":{"@id":"https:\/\/dkinyus.com.ar\/?page_id=201#breadcrumb"},"inLanguage":"es","potentialAction":[{"@type":"ReadAction","target":["https:\/\/dkinyus.com.ar\/?page_id=201"]}]},{"@type":"ImageObject","inLanguage":"es","@id":"https:\/\/dkinyus.com.ar\/?page_id=201#primaryimage","url":"https:\/\/http2.mlstatic.com\/secure\/payment-logos\/v2\/payment-logo-mla-visa-medium_v_58f0794c54.png","contentUrl":"https:\/\/http2.mlstatic.com\/secure\/payment-logos\/v2\/payment-logo-mla-visa-medium_v_58f0794c54.png"},{"@type":"BreadcrumbList","@id":"https:\/\/dkinyus.com.ar\/?page_id=201#breadcrumb","itemListElement":[{"@type":"ListItem","position":1,"name":"Portada","item":"https:\/\/dkinyus.com.ar\/"},{"@type":"ListItem","position":2,"name":"Medios de pago"}]},{"@type":"WebSite","@id":"https:\/\/dkinyus.com.ar\/#website","url":"https:\/\/dkinyus.com.ar\/","name":"DKINYUS","description":"Indumentaria &amp; Calzado Urbano","potentialAction":[{"@type":"SearchAction","target":{"@type":"EntryPoint","urlTemplate":"https:\/\/dkinyus.com.ar\/?s={search_term_string}"},"query-input":{"@type":"PropertyValueSpecification","valueRequired":true,"valueName":"search_term_string"}}],"inLanguage":"es"}]}},"_links":{"self":[{"href":"https:\/\/dkinyus.com.ar\/index.php?rest_route=\/wp\/v2\/pages\/201","targetHints":{"allow":["GET"]}}],"collection":[{"href":"https:\/\/dkinyus.com.ar\/index.php?rest_route=\/wp\/v2\/pages"}],"about":[{"href":"https:\/\/dkinyus.com.ar\/index.php?rest_route=\/wp\/v2\/types\/page"}],"author":[{"embeddable":true,"href":"https:\/\/dkinyus.com.ar\/index.php?rest_route=\/wp\/v2\/users\/1"}],"replies":[{"embeddable":true,"href":"https:\/\/dkinyus.com.ar\/index.php?rest_route=%2Fwp%2Fv2%2Fcomments&post=201"}],"version-history":[{"count":3,"href":"https:\/\/dkinyus.com.ar\/index.php?rest_route=\/wp\/v2\/pages\/201\/revisions"}],"predecessor-version":[{"id":206,"href":"https:\/\/dkinyus.com.ar\/index.php?rest_route=\/wp\/v2\/pages\/201\/revisions\/206"}],"wp:attachment":[{"href":"https:\/\/dkinyus.com.ar\/index.php?rest_route=%2Fwp%2Fv2%2Fmedia&parent=201"}],"curies":[{"name":"wp","href":"https:\/\/api.w.org\/{rel}","templated":true}]}}